e factors of 2720858?
2, 7, 109, 1783
What are the prime factors of 40638764?
2, 101, 100591
List the prime factors of 26451853.
26451853
What are the prime factors of 8098710?
2, 3, 5, 113, 2389
What are the prime factors of 9027002?
2, 211, 21391
What are the prime factors of 2917579?
7, 416797
What are the prime factors of 372349?
59, 6311
List the prime factors of 554143.
73, 7591
List the prime factors of 3846497.
23, 41, 4079
What are the prime factors of 2536364?
2, 634091
List the prime factors of 764676.
2, 3, 11, 1931
What are the prime factors of 2234498?
2, 7, 151
List the prime factors of 352754.
2, 19, 9283
What are the prime factors of 500579?
500579
List the prime factors of 1922768.
2, 17, 7069
What are the prime factors of 232874?
2, 116437
What are the prime factors of 4313694?
2, 3, 7, 11, 9337
List the prime factors of 586684.
2, 7, 23, 911
What are the prime factors of 110500?
2, 5, 13, 17
List the prime factors of 844723.
11, 41, 1873
What are the prime factors of 281939?
7, 40277
What are the prime factors of 23162?
2, 37, 313
List the prime factors of 16184079.
3, 359, 5009
What are the prime factors of 1621277?
7, 231611
What are the prime factors of 5887093?
19, 383, 809
What are the prime factors of 296472?
2, 3, 11, 1123
List the prime factors of 10487418.
2, 3, 1747903
What are the prime factors of 61899?
3, 47, 439
List the prime factors of 617328.
2, 3, 1429
List the prime factors of 3303369.
3, 122347
List the prime factors of 284387.
284387
List the prime factors of 28607.
28607
List the prime factors of 31711152.
2, 3, 11, 19, 29, 109
What are the prime factors of 286858?
2, 11, 13, 17, 59
List the prime factors of 382602.
2, 3, 11, 17, 31
List the prime factors of 74876.
2, 18719
List the prime factors of 1022128.
2, 193, 331
What are the prime factors of 3957588?
2, 3, 47, 2339
List the prime factors of 270203.
47, 5749
What are the prime factors of 14285944?
2, 23, 77641
What are the prime factors of 29960?
2, 5, 7, 107
List the prime factors of 321519.
3, 11, 9743
What are the prime factors of 35303439?
3, 37, 47, 67, 101
List the prime factors of 1003160.
2, 5, 31, 809
List the prime factors of 46267.
13, 3559
What are the prime factors of 734579?
569, 1291
What are the prime factors of 213810?
2, 3, 5, 7127
What are the prime factors of 6778594?
2, 53, 63949
What are the prime factors of 3276430?
2, 5, 103, 3181
What are the prime factors of 1656683?
7, 29, 8161
List the prime factors of 1600080.
2, 3, 5, 59, 113
List the prime factors of 1581192.
2, 3, 21961
What are the prime factors of 22169249?
139, 159491
What are the prime factors of 3558399?
3, 13, 23, 3967
What are the prime factors of 585720?
2, 3, 5, 1627
List the prime factors of 21027483.
3, 257, 9091
List the prime factors of 1243858.
2, 7, 11, 41, 197
List the prime factors of 202033.
13, 15541
What are the prime factors of 178260?
2, 3, 5, 2971
List the prime factors of 204697.
17, 12041
List the prime factors of 32535.
3, 5, 241
What are the prime factors of 4859360?
2, 5, 11, 251
What are the prime factors of 12646183?
11, 67, 17159
What are the prime factors of 286744?
2, 73, 491
List the prime factors of 8747665.
5, 1749533
What are the prime factors of 864737?
864737
List the prime factors of 685834.
2, 89, 3853
What are the prime factors of 8254934?
2, 4127467
List the prime factors of 326746.
2, 7, 23339
List the prime factors of 3215440.
2, 5, 40193
List the prime factors of 1703101.
43, 39607
List the prime factors of 280651.
7, 40093
List the prime factors of 2317758.
2, 3, 47, 8219
What are the prime factors of 669840?
2, 3, 5, 2791
List the prime factors of 9510054.
2, 3, 1585009
What are the prime factors of 20999450?
2, 5, 127, 3307
List the prime factors of 1784605.
5, 241, 1481
List the prime factors of 323558.
2, 161779
What are the prime factors of 5387315?
5, 881, 1223
List the prime factors of 150409.
7, 21487
What are the prime factors of 319747?
319747
List the prime factors of 222631.
127, 1753
What are the prime factors of 98627?
98627
What are the prime factors of 23926093?
59, 405527
What are the prime factors of 262623?
3, 87541
List the prime factors of 5345225.
5, 17, 12577
What are the prime factors of 5433361?
41, 89, 1489
What are the prime factors of 2527664?
2, 239, 661
List the prime factors of 275605.
5, 11, 5011
What are the prime factors of 362805?
3, 5, 19, 67
What are the prime factors of 40627?
40627
List the prime factors of 862179.
3, 287393
List the prime factors of 1723715.
5, 7, 17, 2897
What are the prime factors of 1741608?
2, 3, 11, 733
What are the prime factors of 19038040?
2, 5, 7, 67993
What are the prime factors of 8264150?
2, 5, 197, 839
What are the prime factors of 765094?
2, 11, 83, 419
List the prime factors of 5531098.
2, 421, 6569
List the prime factors of 8479847.
23, 368689
List the prime factors of 4732574.
2, 7, 11, 79, 389
What are the prime factors of 17469?
3, 647
List the prime factors of 21271815.
3, 5, 53, 991
List the prime factors of 1901089.
1901089
List the prime factors of 713710.
2, 5, 149, 479
What are the prime factors of 21152420?
2, 5, 17, 62213
List the prime factors of 4728165.
3, 5, 13, 24247
List the prime factors of 2791356.
2, 3, 457, 509
List the prime factors of 1164074.
2, 582037
List the prime factors of 5070097.
17, 23, 12967
List the prime factors of 163419.
3, 19, 47, 61
What are the prime factors of 19706827?
7, 419, 6719
List the prime factors of 1115802.
2, 3, 20663
List the prime factors of 2025622.
2, 1012811
What are the prime factors of 66642?
2, 3, 29, 383
List the prime factors of 4030002.
2, 3, 241, 929
What are the prime factors of 296114?
2, 7, 13, 1627
List the prime factors of 15104278.
2, 7, 19, 56783
What are the prime factors of 12691506?
2, 3, 19, 163, 683
List the prime factors of 47828.
2, 11, 1087
List the prime factors of 6074122.
2, 523, 5807
What are the prime factors of 14629394?
2, 13, 562669
What are the prime factors of 1856703?
3, 113, 5477
What are the prime factors of 248999?
17, 97, 151
What are the prime factors of 13941836?
2, 17, 421, 487
List the prime factors of 4264611.
3, 13, 43, 2543
List the prime factors of 6678848.
2, 11, 53, 179
List the prime factors of 2736123.
3, 13, 70157
What are the prime factors of 211744?
2, 13, 509
List the prime factors of 16558973.
1579, 10487
What are the prime factors of 1908309?
3, 13, 167, 293
List the prime factors of 990144.
2, 3, 191
What are the prime factors of 201058?
2, 11, 13, 19, 37
What are the prime factors of 294544?
2, 41, 449
List the prime factors of 429986.
2, 214993
List the prime factors of 247903.
157, 1579
What are the prime factors of 224245?
5, 7, 43, 149
What are the prime factors of 4946372?
2, 269, 4597
List the prime factors of 107430.
2, 3, 5, 3581
List the prime factors of 615452.
2, 251, 613
What are the prime factors of 791188?
2, 139, 1423
List the prime factors of 382722.
2, 3, 227, 281
List the prime factors of 29672610.
2, 3, 5, 11, 89917
List the prime factors of 547590.
2, 3, 5, 18253
What are the prime factors of 927927?
3, 7, 11, 13, 103
List the prime factors of 547263.
3, 20269
What are the prime factors of 192145?
5, 83, 463
What are the prime factors of 733999?
7, 23, 47, 97
What are the prime factors of 34399225?
5, 7, 28081
What are the prime factors of 1671901?
7, 11, 21713
What are the prime factors of 8565747?
3, 73, 39113
List the prime factors of 3314491.
613, 5407
List the prime factors of 96904.
2, 12113
List the prime factors of 1644247.
11, 23, 67, 97
List the prime factors of 130548.
2, 3, 11, 23, 43
What are the prime factors of 400051?
400051
What are the prime factors of 715861?
347, 2063
What are the prime factors of 679879?
679879
List the prime factors of 1387661.
11, 126151
List the prime factors of 805983.
3, 268661
What are the prime factors of 2246009?
19, 118211
What are the prime factors of 1011199?
7, 19, 7603
List the prime factors of 226342.
2, 113171
What are the prime factors of 2202803?
19, 191, 607
List the prime factors of 131385.
3, 5, 19, 461
What are the prime factors of 122951?
37, 3323
What are the prime factors of 1243630?
2, 5, 124363
List the prime factors of 1303151.
1303151
What are t